 -2 + -19?
-15
539 - 248 - (16 + 127)
148
Evaluate -37 - -4 - (-6 + -15 + -15).
3
Evaluate -16 - 5 - (-2 - (-8 + -21)).
-48
What is the value of 141 + -157 + -132 - -39?
-109
What is the value of -1 - (50 - 30) - -19?
-2
What is the value of -10 + ((3 - -32) + -28 - 29)?
-32
What is the value of (-16 - 27) + 0 + 26?
-17
Calculate (-51 - -1) + 12323 + -12174.
99
What is the value of (157 - -2) + -13 - 45?
101
Calculate (16 - -1) + -85 + 41 + 53.
26
What is -28 - ((-52 - -117) + -68) - (-11 - (2 + -1))?
-13
What is (-51 - (22 - 27)) + (28 - 2)?
-20
Evaluate -46 - (23 + -53 + -50).
34
Calculate 0 - (83 + (-84 - 4)).
5
Calculate -10 + (9 + -12 - 22) + (-5 + 10 - 4).
-34
0 + -3 + -60 - (-1 + -20 - -19)
-61
What is the value of (11 - -29) + (-22 - (30 + -16))?
4
Calculate -95 + (-8 - -59) + 3.
-41
What is the value of 121 + 0 - (-16 + 0 + -1 - (241 - 267))?
112
Evaluate (-144 - 1) + (-91 - -56) + 67.
-113
Calculate (-70 - -11) + 51 + 25.
17
What is -28 - -1 - (-40 - 15)?
28
Evaluate 16 + (10 - 38) - 27.
-39
What is the value of -1 + 9 + -3 + (74 - 59 - (20 - 0))?
0
What is the value of -1 + (-3 - 20 - -19 - (15 - 2))?
-18
Evaluate 7 + (-2 - -8) - (8 - 2) - (-8 + 6).
9
What is the value of (216 - 133) + -6 + -56?
21
Calculate 4 + -2 - (-7 + 68 + -63).
4
-57 - (7 - (28 + -11)) - (26 + -14)
-59
-5 - 1 - (-1 + 7) - (12 - (43 + -22))
-3
-56 - (-57 - -39 - 9)
-29
130 - (32 - (20 + -64))
54
What is 183 - (37 + -135 + 230)?
51
9 + -5 + 3 + -5 + 4 - (89 + -35)
-48
Evaluate 106 + -86 + (3 - 55) + -9.
-41
What is the value of -9 + (-26 - -9) + 9 + -41 + 21?
-37
Evaluate -891 - -874 - (1 + 0) - 11.
-29
What is the value of (1 - 0 - (-72 - -77)) + (43 - (-10 + 4))?
45
What is the value of (-7 - -14 - 75) + -5 + 8?
-65
Evaluate -117 + (-65 - -186) - -64.
68
What is the value of 18 + (-10 + -13 + 22 - -19)?
36
Evaluate 12 - -17 - (-79 - -74).
34
48 + -11 + (-9 - (73 + -73))
28
What is the value of -108 - (24 - 46 - 19)?
-67
Calculate -6 + ((7 - -6) + -13 - -10) + -10.
-6
-34 - (-51 - (74 - 90))
1
Calculate (478 - 445 - (-3 - -2)) + -130.
-96
Evaluate -3 + (-17 - (-6 - 4) - -5) + -6 - -99.
88
Calculate -22 + (-23 - -12 - -25) - 8.
-16
88 - (-22 - -45 - -71)
-6
What is the value of 58 + (-98 - -46) + 6 + -4?
8
Calculate (187 - 236) + -1 + (5 - 0 - 7).
-52
26 - ((30 - (23 + 11)) + -17)
47
-63 - (-127 + 103 + (-2 - -5))
-42
Calculate -25 + 10 + -12 + (-25 - -42).
-10
Evaluate -2059 + 2034 + (41 - 1).
15
2 + -1 + (62 - 65) + (4 - 1 - -16)
17
What is -118 - -158 - 82 - (-4 + 2 + -15)?
-25
Evaluate (14 + -26 - 26) + 17 + -7.
-28
Calculate -1426 + 1442 + (0 - 47).
-31
20 + (8 - -3) + 19 + -63
-13
What is the value of -4 + -3 + -39 + 163 + 1 + -19?
99
-25 + -17 + (118 - 2 - 3)
71
Evaluate -20 - (50 + -117 - -150).
-103
(1 - (1 + 8) - 22) + 76
46
What is 0 - (1 + 1 + -6 - (0 + -10))?
-6
What is the value of -29 + (9 - 0) + 1 - (9 + -13) - -8?
-7
Evaluate -2 + 0 - -3 - (16 - (20 + -19 + -67)).
-81
(-85 - -90 - -73) + 7
85
Calculate (-31 - -6 - -23) + -99.
-101
Calculate -4 + (171 + -167 - (-2 - 1)).
3
What is 47 + -23 + (5 + 0 - 16) - 44?
-31
What is the value of -5 + -1 - (-3327 - -3373)?
-52
Calculate -1 - (11 + (-20 + 105 + -23 - (-11 + 0))).
-85
-4 - (-3 - -1 - 0) - (0 + 34 - 58)
22
What is the value of (21 - (17 - (12 - 8))) + 28?
36
What is the value of 3 + -12 + 47 + -17 + -12 + 17?
26
Calculate 77 - ((15 - 38 - -31) + -2).
71
What is the value of 15 + -24 - (19 + -7 + -24)?
3
Evaluate -33 + (-44 + -31 + 41 - 72).
-139
-61 + -30 + 62 - 22
-51
Calculate 24 - ((-121 - -156) + -8 + 4).
-7
What is the value of 8 + (-31 - (-4 + 17))?
-36
What is the value of -14 + 5 + (10 - (39 - 8) - -16)?
-14
Evaluate (4 - -2) + (-44 - (-22 + 17)).
-33
What is 4 + -12 + 10 + 10 + 1?
13
Evaluate (-25 - -44) + (-12 - 8) - (3 - 1).
-3
What is -40 + -43 + (32 - 17 - 42)?
-110
Evaluate (63 - 15) + -50 - (-31 + 1 + 1 + 1).
26
(265 - 261) + -44 + 30
-10
Evaluate 31 + (-22 - 27) + 5 + 107 + 0.
94
What is (-6 - (71 - 98)) + (-1 - 21)?
-1
Evaluate (-7 - 12) + -2 + 18 + -35.
-38
Evaluate -15 - (12 + (13 - -5) + -37).
-8
What is -81 - (-10 - (-19 - (2 + -6) - (-10 - -2)))?
-78
What is -42 - (-139 - (7 + -41))?
63
What is the value of -24 + -15 + -44 + 117?
34
-194 - ((23 - -77) + -218)
-76
Evaluate 87 - (163 - (-3 - -73)).
-6
Calculate (-71 - -2) + 5 + (-122 - -108 - (-18 + 1)).
-61
What is -40 + 35 + 2 + -66?
-69
What is the value of -47 - 11 - -88 - 9?
21
Evaluate (-6 - -1 - 17 - 2) + -2 - (64 - 60).
-30
Calculate 99 - (154 + 109 + -138).
-26
What is 79 - (-4 - (17 - -9) - -12 - -38)?
59
What is -1 - -46 - ((65 - 67) + 184)?
-137
7 + -30 + (2 + 3 + -19 - -17)
-20
Evaluate 7 - 6 - (-6 + -3) - (6 + 142 + 5).
-143
Calculate 56 - (-27 + 33 - (-51 - -30)).
29
Calculate -53 - 0 - (247 + -280).
-20
Evaluate (-20 - 0) + (-13 - -17) + -18.
-34
What is -10 - (8 + -106 - -182)?
-94
What is -82 + 90 + (9 - (-9 - 69 - -9))?
86
Evaluate -3 + 9 + -11 - (9 - 8 - 52).
46
What is the value of (92 - (26 - -10)) + -43 + -87 + -1?
-75
Calculate 51 + (-49 - (54 + -75)).
23
(-14314 - -14277) + 59 + 0
22
What is the value of 22 - (68 - 45 - 56 - -14)?
41
(-14 - 4) + 19 + 5 - -30
36
What is the value of (27 - 20) + -25 + 14 + 6?
2
Evaluate 91 + -12 + -117 + -37.
-75
(-3 - -10) + (-3 - 77) + (49 - 32)
-56
What is the value of -6 + (3 - -6) + -12 + (32 - (-4 - 3))?
30
What is 87 + -108 + 21 + -5 + -3?
-8
What is 4 + -20 - ((-4 - -16) + -33)?
5
What is the value of -6 - (2 + -11) - 8 - (-6 + (6 - -1))?
-6
Evaluate -110 - -120 - ((37 - -7) + 3).
-37
Calculate -37 - (-31 - -2 - (-16 - 4)).
-28
Evaluate (1 - 12 - -19) + (-19 - 3) + 14.
0
What is (-1 - (14 - 1)) + (3253 - 3205)?
34
Calculate 1 + 85 - (3387 + -3332).
31
What is 12532 + -12509 - (40 - (2 - 0))?
-15
What is the value of 54 + -55 + -24 + -10?
-35
What is the value of 0 + -2 + (-47 - (-7 - (24 - 19)) - -17)?
-20
What is the value of 3 - (124 + -32) - -27?
-62
Evaluate (-5 - (7 - (-22 + 20))) + 2 + 89.
77
What is 6 - 10 - 1 - ((2 - 14) + 45 + 17)?
-55
What is -13 + 1 + (19 - 63) + 5?
-51
What is the value of -2 + (22 - -3) + (-505 - -367) - -8?
-107
(6 + -7 - -53) + (-71 + 22 - -27)
30
Evaluate 6 + (6 - (20 - -5)) + (-124 - -108).
-29
What is the value of 10 + 34 + 15 + -53?
6
21 + (4 - 9) + -3 + 5 + -6
12
-4 - (-44 + -1 + (48 - (-46 + 79)))
26
Evaluate -39 - 9 - (9 - (-13 - -28)).
-42
Evaluate -68 + 22 + -6 + (7 + 4 - (0 + 4)).
-45
What is the value of (-7 - 4 - -5 - (-75 + 42)) + -1 + 4?
30
What is the value of 145 + (-16 - (-113 + 125))?
117
(223 - 4) + -58 - (29 - 9)
141
What is the value of 38 - 21 - -4 - 3?
18
What is (1 - 26) + (-60 - (31 - 104))?
-12
Evaluate 20 - -3 - ((-62 - -14) + 15).
56
Evaluate -894 + 908 - ((-11 - -8) + 4 + 1).
12
Calculate 85 - (-21 + (20 - 47 - -51)).
82
Calculate (912 - 331) + -565 - (2 + 1 + 1).
12
0 + 0 - (581 - 516) - 16 - (12 + 0)
-93
Evaluate 2 + -11 + 19 + 1 - 6 - 36.
-31
What is 90 - 6 - (16 + 71 + -57)?
54
(-4 - -46) + -141 - -49
-50
What is (54 + 3 - 0) + -103?
-46
15 + 12 - 73 - -9
-37
Evaluate 36 - (4 + 1 - -9) - 11.
11
5 + -1 + (45 + -29 - 23) - -61
58
-9 + 8 + -27 + -4
-32
What is (-3 + -2 - (-13 - -21)) + -4 + -2?
-19
Calculate 42 - -2 - (8 - (9 - (-11 - -26) - -5)).
35
-9 - 16 - (13 - (10 + 10 + 10))
-8
Evaluate 38 + 0 + (1014 - 1066) - (-36 + -2).
24
Evaluate -2 + -118 + (1 - (10 + (-9 - (1 - -8)))).
-111
What is the value of 27 + (-23 - -8) + -28 + 21?
5
What is (-262 - -259) + (-1 - 0) + -65?
-69
Calculate 66 - (1 - (-29 + 7)).
43
12 - (10 + -19 + (-2 + 23 - (-21 + 10)))
-11
What is the value of (-69 - 17) + 37 - -79?
30
What is the value of (7 - (3 + 5)) + (1 - 6) - (-38 + -4)?
36
What is -5 + -7 - (9 - (21 - 8))?
-8
(-12 + 25 + -45 - -28) + -2 + -1
-7
What is the value of (4 - (8 - (1 - (-4 - 3)))) + -2 + -70?
-68
-10 + -7 + (7 - 5) + 4 + -10
-21
(58 + -23 - 32) + -10
-7
Evaluate (-17 - (12 - 49)) + 5.
25
What is -6 - (4 - (4 + -3 + 14 + -8))?
-3
Evaluate 11 + 71 + -15 - (-7 + 9 + 5 + -6).
66
Calculate (-64 - 13) + (9 - 27) + 8 - -13.
-74
What is the value of -74 - ((-298 - -100) + 94)?
30
3 + (-6 - -13) - (73 - 33)
-30
Evaluate (-2 - -10) + (-21 - -15) - (2 - 4) - -10.
14
Evaluate -103 - (-75 + 19 + 48).
-95
What is -44 - (21 + (-4 - 4 - (6 + -4)))?
-55
Evaluate 0 - (10 + 15) - (-3 - -6 - -2).
-30
What is th